+ 15*r - 1919. Let o = 1 - -6. What is h(o)?
8
Let w(r) = 76*r**2 + 12*r - 125*r**2 - 9 + 50*r**2. Suppose 13*f - 22*f - 117 = 0. Give w(f).
4
Let u be (-6 + 1)*(-12 + -3)/3. Let q(h) = 2*h**2 - 49*h - 26. Give q(u).
-1
Let c = -971 - -976. Suppose 3*m = 4*y + 8, -40*m + 10 = -37*m - c*y. Let a(k) be the second derivative of k**5/20 + k**3/6 + 4*k**2 - k. Give a(m).
8
Let g(v) be the second derivative of 2 - 1/12*v**4 + 0*v**3 - 1/2*v**5 + 0*v**2 + 8*v. Let h = 16 - 17. Calculate g(h).
9
Let p(t) = -3*t**2 - 30*t + 33. Let y be p(-11). Let h(r) = -r**3 + 6*r**2 - 6*r - 14. Let w(b) = b**2 - b. Let n(s) = h(s) - 6*w(s). Give n(y).
-14
Suppose 799 = -47*t + 186 - 562. Let s(v) = 7*v + 193. What is s(t)?
18
Let l(r) = -3*r - 16. Let w(s) = 4*s**2 + s + 96. Let h be w(0). Suppose 19*p - 35*p = h. Calculate l(p).
2
Let z(p) = -4*p**2 - 6*p + 5. Let l be z(-5). Let s = -63 - l. Let k(y) = -2*y - 8*y**2 + 6*y**2 - 3 + 4*y**2 + s*y**2 + y**3. Give k(-4).
5
Suppose 60 = 4*q + q. Let x(n) = -8509*n**2 - 5*n**3 + 4*n**3 + 17031*n**2 - 8510*n**2 + 0*n**3 - 12. Give x(q).
-12
Let l be 1 + 27/(-33) - (-17039)/121. Let y = 138 - l. Let h(d) = 6*d + 1. Determine h(y).
-17
Let s(i) be the first derivative of -6*i + i**3 + 5/2*i**2 - 40 - 1/4*i**4. Let n be (4 + -1)*(-4)/(-3). Calculate s(n).
-2
Suppose 18 - 45 = -7*g - 13. Let b(f) be the second derivative of 19/2*f**g - 1/12*f**4 + 0*f**3 - 1/20*f**5 + 0 + 30*f. What is b(0)?
19
Let p be 30/3 + (-4 - -3)/(-1). Let l(u) = p - u - 4 + 4*u**2 - 8. Let d = -43 + 42. What is l(d)?
4
Let f(c) be the first derivative of c**4/12 - c**3/6 + 91*c**2/2 - 61. Let p(y) be the second derivative of f(y). Let g be (-28)/(-6) - 3/(-9). Calculate p(g).
9
Let c(y) = -12*y**2 - 276*y - 2. Let p(o) = 2*o**3 + 100*o**2 - 549*o + 32. Let t be p(-55). Determine c(t).
-2
Let d = -651 - -1072. Let u(a) = -140 + d - 139 - 2*a - 141. What is u(5)?
-9
Let u(b) = 8*b - 103. Let y = 2713 - 2699. Determine u(y).
9
Let t be (-2)/(-7) + -7 + 305/35. Suppose 3*z + 31 = 5*n, -5*n = -t*z + z - 27. Let o(y) = -y + 2. What is o(n)?
-3
Let x(l) = 12 - 6*l - l**2 - 15 + 19*l + 5. Let f(r) = r**2 - 14*r - 1. Let n(t) = 6*f(t) + 7*x(t). Calculate n(7).
8
Let g be ((-2)/(-5))/((-5)/25). Let w(s) = 5*s**2 + 5*s - 1. Let c(u) = 28*u**2 + 24*u - 11. Let f(a) = c(a) - 6*w(a). Determine f(g).
-1
Let a(t) = 42*t - 13*t - 17*t - 57 - 14*t + 56. Suppose 4*y = 3 - 15. Let r = 2 + y. Calculate a(r).
1
Let h(y) = 2*y**3 + 5*y**2 + 16*y + 12. Let n be (-12)/(-22) + 498/(-66). Let g(k) = k**3 + 2*k**2 + 8*k + 6. Let t(o) = n*g(o) + 4*h(o). Give t(-5).
-9
Let f(w) = w**2 + 5*w + 5. Let c(n) = -21*n + n**3 - 9*n**2 + 10*n**2 + 19 + 4*n**2. Let l be c(-8). What is f(l)?
5
Let f(k) = -3*k. Let y = 148 + -143. Suppose -l + 0*q - 7 = q, -2*q = -y*l - 7. Give f(l).
9
Let u(c) = 13*c - 18. Let i(z) = -7*z - 39. Let m be i(-6). What is u(m)?
21
Let r(f) = 9*f**3 - 10*f**2 - 17*f - 39. Let g(j) = 11*j**3 - 9*j**2 - 20*j - 40. Let m(z) = 5*g(z) - 6*r(z). Give m(-15).
4
Suppose -3*d + 4*o = -57, 2*d + 5*o - 79 + 41 = 0. Let f(n) = -8*n + 158. What is f(d)?
6
Let r(k) = k. Let v be r(16). Suppose -v*x - 21 = -69. Let q(j) = 7 + 2*j**x + 1 + 3*j**3 - 6*j**3 + 6*j**2. Calculate q(6).
8
Let c(k) = -58*k - 51. Let z(a) = -78*a - 53. Let j(p) = 4*c(p) - 3*z(p). Determine j(19).
-7
Let r be ((-1)/(-1) + -1)*7/14. Let m(q) = -q**3 - 2*q**2 + q - 14. What is m(r)?
-14
Let a(x) = -x**3 - 9*x**2 + 10*x - 8. Let w be 4*9/4*(-101)/(-3). Let n = -313 + w. What is a(n)?
-8
Let o(u) = 0*u + 6 - 8 + 16 + 4*u + 62. Give o(-18).
4
Suppose -6*m - 3*a = -m - 112, 4*a + 44 = 3*m. Let v = m + -19. Let u(w) = 7*w + v - 8*w + 6 - 4. What is u(2)?
1
Let w(u) = u - 5. Let a = 107 - 71. Suppose -11*b = -15*b + a. What is w(b)?
4
Let m(h) = 5*h + 2 - 33*h**2 - 34*h + 698*h**3 + 40*h**2 - 697*h**3. Calculate m(-10).
-8
Let o(d) = d**2 - 19. Let v(n) = -8*n**2 + 127*n + 16. Let w = -154 + 170. Let t be v(w). What is o(t)?
-19
Let y(c) = c**2 - 7*c + 3. Let m = -304 - -301. Let o be 74*m/(-57) - (-16)/152. Calculate y(o).
-9
Let h = 3247 + -3245. Let z(f) be the first derivative of 4*f - 1/2*f**h - 12. Determine z(4).
0
Let j(s) = 4*s**2 + 95*s - 59. Let p(k) = -11*k. Let b(f) = j(f) + 13*p(f). What is b(13)?
-7
Let x(u) = u**2 + u + 2. Suppose 2*w - 4*v + 179 = -7*v, 0 = 3*w + 4*v + 266. Suppose -a - 49 = 36. Let n = a - w. Calculate x(n).
8
Let s(w) = -131*w**2 + 2 + w**3 + 100*w**2 - 3*w + 33*w**2. Let n = 14 + -6. Suppose 0*k - n = 2*k. Give s(k).
-18
Let z(r) = 4*r + 76. Let f(o) = -5*o - 106. Let x(s) = -3*f(s) - 4*z(s). Determine x(3).
11
Let b(n) = 6 - 3*n + 0*n + 2*n. Let t = 659 + -387. Let m = t - 262. Determine b(m).
-4
Let q(o) = 4*o**2 + 2*o - 5. Let k(y) = 3*y**2 + 3*y - 5. Let u(w) = -5*k(w) + 4*q(w). Suppose 0 = 7*h + h + 7*h. Suppose 10*x - 6*x - 20 = h. What is u(x)?
-5
Let v(g) = 1. Suppose s - 4 = 3*s, 0 = -i - 2*s. Let d(o) = -o + 1. Let k(y) = i*v(y) - d(y). Determine k(-3).
0
Let l(b) = 0 - 10*b + 0 - 1. Let j(h) = -265*h - 16164. Let i be j(-61). Give l(i).
-11
Let d(s) be the third derivative of -s**6/120 - 7*s**5/30 - 5*s**4/8 + 8*s**3/3 + s**2 + s - 47. Give d(-13).
42
Let t(f) = -3*f - 6*f**2 + 0*f + 0*f + 11 - 6*f + 3*f. Let n(p) = -7*p**2 - 6*p + 13. Let a(k) = -5*n(k) + 6*t(k). Determine a(-8).
-15
Let f(p) be the third derivative of p**5/30 + 11*p**4/6 + 26*p**3/3 + 1292*p**2. What is f(-21)?
10
Let q = 7 - 5. Let m(p) = 9 + 5*p**q + 0*p + 7*p - 13*p**2 + 2*p - p**3. Let z = -9690 - -9681. Determine m(z).
9
Suppose 0 = 9*t - 28*t - 76. Let k be (-12)/3*t/24*-3. Let s(m) = -5*m**2 - 2*m. Calculate s(k).
-16
Let l(z) = 2*z - 4. Suppose -2*y = -3*c + 13, 58 = 4*y + 42. What is l(c)?
10
Let o be (-5 - -2)/1 + -1. Let p(c) be the second derivative of c**4/12 - c**3/3 - 5*c**2/2 - 2539*c. Give p(o).
19
Let c(o) = -24*o**2 - 9 + 30*o**2 + o**3 + 2. Suppose 16*x - 12 = 13*x. Let r be 147/(-24) + (x - 62/16). Determine c(r).
-7
Let w(z) = -139*z - 411. Let k be w(-3). Let u(p) = -4*p**2 + 13*p + 6. Give u(k).
-60
Let h(a) = a**2 + 16*a + 8. Let p = 7105 + -7125. Calculate h(p).
88
Let x(o) be the third derivative of -3*o**4/8 + 13*o**3/6 - 2*o**2 - 31. Let a(q) = -5*q + 7. Let c be 1/(0 + 1/7). Let v(n) = c*a(n) - 4*x(n). Determine v(7).
4
Let x(f) = -f - 140. Let j(v) = 142. Let r(q) = -4*j(q) - 5*x(q). What is r(-27)?
-3
Let y(d) = d**2 + 6*d - 26. Let o = 9053 - 9048. Give y(o).
29
Let q(h) = h**3 + 5*h**2 - 9*h - 9. Let d be (1 - -31) + -1 + 0 + -1. Suppose -12 + d = -3*g. Give q(g).
9
Let y(j) = 78*j - 308. Let t(w) = 578*w - 2157. Let g(d) = -2*t(d) + 15*y(d). Determine g(22).
2
Let r(s) be the second derivative of 16*s**3/3 + 5*s**2 - 8521*s. Determine r(-4).
-118
Let m(g) = 3*g + 25. Let j = 544 - 552. Give m(j).
1
Let p(t) = 33 + 3*t - 67 + 26 + 8*t**2 + 2*t**3 - t**3. Let u(j) = j**2 - 2. Let d(k) = p(k) - 4*u(k). Calculate d(-2).
2
Let a(t) = 9*t - 95. Suppose 39 = 3*b - 2*x, 0 = 66*b - 61*b - 2*x - 57. Calculate a(b).
-14
Let o(z) = z**2 - 5*z + 6. Let w(g) = 789*g + 4747. Let b be w(-6). Calculate o(b).
110
Let q(o) = o**3 + 30*o**2 + 30*o + 31. Suppose -62*x + 146 = 1944. What is q(x)?
2
Suppose 3*z + 555 = -4*x, 0 = 4*z - x - 4*x + 709. Let p = -189 - z. Let r(w) = -6 + 8*w + 0*w - 5*w**2 - w**3 - 2*w**2. Calculate r(p).
-6
Let o(k) be the second derivative of k**4/12 - 2*k**3 + 37*k**2/2 + k - 2961. Give o(11).
26
Let s(o) = -2*o**3 - 3*o**2 - 2*o - 12. Let v(j) = -3*j**3 - 7*j**2 - 3*j - 21. Suppose -2*n + 34 = 28. Let h(l) = n*v(l) - 5*s(l). Give h(6).
3
Let r(t) = -5*t - 12. Let f be r(-3). Let w(u) = -2*u**f - 2*u**2 - 22 + 12 + 10. Let c(d) = d**3 + 4*d**2 + 4*d + 1. Let p be c(-3). Calculate w(p).
8
Let j(g) be the second derivative of g**4/6 - 10*g**3/3 - g**2 - 2*g. Let z be (330/(-11) - (-2360)/80)*(-40)/2. What is j(z)?
-2
Let i be (-6)/10 - -6*8/30. Let w(g) = -g - 45*g**2 - 52*g**2 - i + 103*g**2. Calculate w(-1).
6
Let h be ((-4)/(-6))/((-2)/(-6)). Let r(n) = -h*n - 3*n + 4*n. Suppose 4*y = -5*m + 20, 216*y + 72 = -3*m + 222*y. Calculate r(m).
4
Suppose 40 = -3*g - 2*j, 5*g + 6*j = 11*j. Let h(b) = -b**3 - 9*b**2 - 9*b + 17. What is h(g)?
25
Let l be (-2)/4*-10*2. Let v(k) be the second derivative of k**4/6 - 19*k**3/6 - 7*k**2 + 11168*k. Determine v(